{"id":127,"date":"2025-08-14T14:25:58","date_gmt":"2025-08-14T12:25:58","guid":{"rendered":"https:\/\/dumagri.com\/?page_id=127"},"modified":"2025-08-14T17:38:14","modified_gmt":"2025-08-14T15:38:14","slug":"un-service-de-video-surveillance-pense-pour-vous","status":"publish","type":"page","link":"https:\/\/dumagri.com\/index.php\/un-service-de-video-surveillance-pense-pour-vous\/","title":{"rendered":"Un service de vid\u00e9o-surveillance pens\u00e9 pour vous"},"content":{"rendered":"\n<p>La demande pour ce service ne cesse de cro\u00eetre, et ce pour deux raisons principales :<\/p>\n\n\n\n<ul class=\"wp-block-list\">\n<li>La surveillance de troupeaux<\/li>\n\n\n\n<li>La surveillance de sites<\/li>\n<\/ul>\n\n\n\n<figure class=\"wp-block-gallery has-nested-images columns-default is-cropped wp-block-gallery-1 is-layout-flex wp-block-gallery-is-layout-flex\">\n<figure class=\"wp-block-image size-large\"><img loading=\"lazy\" decoding=\"async\" width=\"1024\" height=\"768\" data-id=\"135\" src=\"https:\/\/dumagri.com\/wp-content\/uploads\/2025\/08\/IMG_3127-1024x768.jpg\" alt=\"\" class=\"wp-image-135\" srcset=\"https:\/\/dumagri.com\/wp-content\/uploads\/2025\/08\/IMG_3127-1024x768.jpg 1024w, https:\/\/dumagri.com\/wp-content\/uploads\/2025\/08\/IMG_3127-300x225.jpg 300w, https:\/\/dumagri.com\/wp-content\/uploads\/2025\/08\/IMG_3127-768x576.jpg 768w, https:\/\/dumagri.com\/wp-content\/uploads\/2025\/08\/IMG_3127-1536x1152.jpg 1536w, https:\/\/dumagri.com\/wp-content\/uploads\/2025\/08\/IMG_3127-2048x1536.jpg 2048w\" sizes=\"auto, (max-width: 1024px) 100vw, 1024px\" \/><\/figure>\n\n\n\n<figure class=\"wp-block-image size-large\"><img loading=\"lazy\" decoding=\"async\" width=\"768\" height=\"1024\" data-id=\"137\" src=\"https:\/\/dumagri.com\/wp-content\/uploads\/2025\/08\/IMG_3128-768x1024.jpg\" alt=\"\" class=\"wp-image-137\" srcset=\"https:\/\/dumagri.com\/wp-content\/uploads\/2025\/08\/IMG_3128-768x1024.jpg 768w, https:\/\/dumagri.com\/wp-content\/uploads\/2025\/08\/IMG_3128-225x300.jpg 225w, https:\/\/dumagri.com\/wp-content\/uploads\/2025\/08\/IMG_3128-1152x1536.jpg 1152w, https:\/\/dumagri.com\/wp-content\/uploads\/2025\/08\/IMG_3128-1536x2048.jpg 1536w, https:\/\/dumagri.com\/wp-content\/uploads\/2025\/08\/IMG_3128-scaled.jpg 1920w\" sizes=\"auto, (max-width: 768px) 100vw, 768px\" \/><\/figure>\n\n\n\n<figure class=\"wp-block-image size-large\"><img loading=\"lazy\" decoding=\"async\" width=\"1024\" height=\"768\" data-id=\"136\" src=\"https:\/\/dumagri.com\/wp-content\/uploads\/2025\/08\/IMG_4443-1024x768.jpg\" alt=\"\" class=\"wp-image-136\" srcset=\"https:\/\/dumagri.com\/wp-content\/uploads\/2025\/08\/IMG_4443-1024x768.jpg 1024w, https:\/\/dumagri.com\/wp-content\/uploads\/2025\/08\/IMG_4443-300x225.jpg 300w, https:\/\/dumagri.com\/wp-content\/uploads\/2025\/08\/IMG_4443-768x576.jpg 768w, https:\/\/dumagri.com\/wp-content\/uploads\/2025\/08\/IMG_4443-1536x1152.jpg 1536w, https:\/\/dumagri.com\/wp-content\/uploads\/2025\/08\/IMG_4443-2048x1536.jpg 2048w\" sizes=\"auto, (max-width: 1024px) 100vw, 1024px\" \/><\/figure>\n<\/figure>\n\n\n\n<p>Que ce soit pour garder un \u0153il sur votre exploitation, suivre les gestations ou s\u00e9curiser vos installations, nous vous proposons une large gamme de solutions de vid\u00e9o-surveillance adapt\u00e9es \u00e0 tous vos besoins.<\/p>\n\n\n\n<p>Pour le suivi de votre troupeau, nous avons s\u00e9lectionn\u00e9 des cam\u00e9ras et outils offrant une vision optimale. Vous pouvez ainsi les observer en toute tranquillit\u00e9 depuis votre ordinateur, votre t\u00e9l\u00e9viseur, votre tablette ou votre smartphone.<\/p>\n\n\n\n<p>Chaque demande est \u00e9tudi\u00e9e de mani\u00e8re personnalis\u00e9e : notre technicien se d\u00e9place syst\u00e9matiquement pour \u00e9valuer vos besoins et vous proposer le mat\u00e9riel le plus adapt\u00e9 \u00e0 l\u2019organisation de votre exploitation. Ensemble, nous d\u00e9finissons votre projet et \u00e9tablissons un devis clair avant toute installation. Vous savez ainsi exactement combien votre installation vous co\u00fbtera.<\/p>\n\n\n\n<hr class=\"wp-block-separator has-alpha-channel-opacity\"\/>\n\n\n\n<p><strong>Installation et mise en route<\/strong><\/p>\n\n\n\n<p>Chez Dumagri, nous assurons l\u2019installation compl\u00e8te et la mise en service de votre syst\u00e8me. Nous veillons \u00e0 vous former \u00e0 son utilisation et restons disponibles pour r\u00e9pondre \u00e0 toutes vos questions, y compris apr\u00e8s la pose.<\/p>\n\n\n\n<p>Les logiciels fournis par le fabricant sont r\u00e9guli\u00e8rement mis \u00e0 jour pour garantir un fonctionnement optimal et une s\u00e9curit\u00e9 renforc\u00e9e.<\/p>\n\n\n\n<p>Vous souhaitez participer \u00e0 l\u2019installation ? Aucun probl\u00e8me ! Nos tarifs sont ajust\u00e9s en fonction de la r\u00e9partition des t\u00e2ches entre nos \u00e9quipes et vous. La mise en service reste n\u00e9anmoins r\u00e9alis\u00e9e par nos soins pour garantir un r\u00e9sultat conforme \u00e0 vos attentes.<\/p>\n\n\n\n<hr class=\"wp-block-separator has-alpha-channel-opacity\"\/>\n\n\n\n<p><strong>Maintenance et abonnement<\/strong><\/p>\n\n\n\n<p>Aucun abonnement n\u2019est n\u00e9cessaire : une fois install\u00e9e et configur\u00e9e, votre solution ne demande que peu d\u2019entretien, hormis un nettoyage r\u00e9gulier des lentilles (poussi\u00e8re, toiles d\u2019araign\u00e9es, etc.).<\/p>\n\n\n\n<p>En cas de probl\u00e8me, nous pouvons effectuer un premier diagnostic \u00e0 distance, ce qui nous permet d\u2019anticiper et de pr\u00e9parer notre intervention.<\/p>\n\n\n\n<hr class=\"wp-block-separator has-alpha-channel-opacity\"\/>\n\n\n\n<p><strong>Garantie<\/strong><\/p>\n\n\n\n<p>Tout notre mat\u00e9riel est couvert par une garantie de 2 ans. En cas de d\u00e9faillance durant cette p\u00e9riode, nous assurons gratuitement le remplacement du mat\u00e9riel d\u00e9fectueux.<\/p>\n\n\n\n<figure class=\"wp-block-gallery has-nested-images columns-default is-cropped wp-block-gallery-2 is-layout-flex wp-block-gallery-is-layout-flex\">\n<figure class=\"wp-block-image size-large\"><img loading=\"lazy\" decoding=\"async\" width=\"1024\" height=\"768\" data-id=\"143\" src=\"https:\/\/dumagri.com\/wp-content\/uploads\/2025\/08\/IMG_3125-1-1024x768.jpg\" alt=\"\" class=\"wp-image-143\" srcset=\"https:\/\/dumagri.com\/wp-content\/uploads\/2025\/08\/IMG_3125-1-1024x768.jpg 1024w, https:\/\/dumagri.com\/wp-content\/uploads\/2025\/08\/IMG_3125-1-300x225.jpg 300w, https:\/\/dumagri.com\/wp-content\/uploads\/2025\/08\/IMG_3125-1-768x576.jpg 768w, https:\/\/dumagri.com\/wp-content\/uploads\/2025\/08\/IMG_3125-1-1536x1152.jpg 1536w, https:\/\/dumagri.com\/wp-content\/uploads\/2025\/08\/IMG_3125-1-2048x1536.jpg 2048w\" sizes=\"auto, (max-width: 1024px) 100vw, 1024px\" \/><\/figure>\n\n\n\n<figure class=\"wp-block-image size-large\"><img loading=\"lazy\" decoding=\"async\" width=\"768\" height=\"1024\" data-id=\"141\" src=\"https:\/\/dumagri.com\/wp-content\/uploads\/2025\/08\/IMG_4432-1-768x1024.jpg\" alt=\"\" class=\"wp-image-141\" srcset=\"https:\/\/dumagri.com\/wp-content\/uploads\/2025\/08\/IMG_4432-1-768x1024.jpg 768w, https:\/\/dumagri.com\/wp-content\/uploads\/2025\/08\/IMG_4432-1-225x300.jpg 225w, https:\/\/dumagri.com\/wp-content\/uploads\/2025\/08\/IMG_4432-1-1152x1536.jpg 1152w, https:\/\/dumagri.com\/wp-content\/uploads\/2025\/08\/IMG_4432-1-1536x2048.jpg 1536w, https:\/\/dumagri.com\/wp-content\/uploads\/2025\/08\/IMG_4432-1-scaled.jpg 1920w\" sizes=\"auto, (max-width: 768px) 100vw, 768px\" \/><\/figure>\n\n\n\n<figure class=\"wp-block-image size-large\"><img loading=\"lazy\" decoding=\"async\" width=\"1024\" height=\"768\" data-id=\"140\" src=\"https:\/\/dumagri.com\/wp-content\/uploads\/2025\/08\/IMG_3133-1-1024x768.jpg\" alt=\"\" class=\"wp-image-140\" srcset=\"https:\/\/dumagri.com\/wp-content\/uploads\/2025\/08\/IMG_3133-1-1024x768.jpg 1024w, https:\/\/dumagri.com\/wp-content\/uploads\/2025\/08\/IMG_3133-1-300x225.jpg 300w, https:\/\/dumagri.com\/wp-content\/uploads\/2025\/08\/IMG_3133-1-768x576.jpg 768w, https:\/\/dumagri.com\/wp-content\/uploads\/2025\/08\/IMG_3133-1-1536x1152.jpg 1536w, https:\/\/dumagri.com\/wp-content\/uploads\/2025\/08\/IMG_3133-1-2048x1536.jpg 2048w\" sizes=\"auto, (max-width: 1024px) 100vw, 1024px\" \/><\/figure>\n<\/figure>\n\n\n\n<p><\/p>\n\n\n\n<p>Souhaitez-vous nous contacter ? nous vous proposons de le faire via notre <a href=\"https:\/\/dumagri.com\/index.php\/contactez-nous\/\" data-type=\"page\" data-id=\"89\">formulaire de contact<\/a><\/p>\n","protected":false},"excerpt":{"rendered":"<p>La demande pour ce service ne cesse de cro\u00eetre, et ce pour deux raisons principales : Que ce soit pour garder un \u0153il sur votre exploitation, suivre les gestations ou s\u00e9curiser vos installations, nous vous proposons une large gamme de solutions de vid\u00e9o-surveillance adapt\u00e9es \u00e0 tous vos besoins. Pour le suivi de votre troupeau, nous &hellip; <a href=\"https:\/\/dumagri.com\/index.php\/un-service-de-video-surveillance-pense-pour-vous\/\" class=\"more-link\">Continuer la lecture de <span class=\"screen-reader-text\">Un service de vid\u00e9o-surveillance pens\u00e9 pour vous<\/span><\/a><\/p>\n","protected":false},"author":1,"featured_media":122,"parent":0,"menu_order":0,"comment_status":"closed","ping_status":"closed","template":"","meta":{"footnotes":""},"class_list":["post-127","page","type-page","status-publish","has-post-thumbnail","hentry"],"_links":{"self":[{"href":"https:\/\/dumagri.com\/index.php\/wp-json\/wp\/v2\/pages\/127","targetHints":{"allow":["GET"]}}],"collection":[{"href":"https:\/\/dumagri.com\/index.php\/wp-json\/wp\/v2\/pages"}],"about":[{"href":"https:\/\/dumagri.com\/index.php\/wp-json\/wp\/v2\/types\/page"}],"author":[{"embeddable":true,"href":"https:\/\/dumagri.com\/index.php\/wp-json\/wp\/v2\/users\/1"}],"replies":[{"embeddable":true,"href":"https:\/\/dumagri.com\/index.php\/wp-json\/wp\/v2\/comments?post=127"}],"version-history":[{"count":6,"href":"https:\/\/dumagri.com\/index.php\/wp-json\/wp\/v2\/pages\/127\/revisions"}],"predecessor-version":[{"id":147,"href":"https:\/\/dumagri.com\/index.php\/wp-json\/wp\/v2\/pages\/127\/revisions\/147"}],"wp:featuredmedia":[{"embeddable":true,"href":"https:\/\/dumagri.com\/index.php\/wp-json\/wp\/v2\/media\/122"}],"wp:attachment":[{"href":"https:\/\/dumagri.com\/index.php\/wp-json\/wp\/v2\/media?parent=127"}],"curies":[{"name":"wp","href":"https:\/\/api.w.org\/{rel}","templated":true}]}}